hest common factor of z and 21.
21
Let c(m) = 21*m - 4. Let o(a) = -22*a + 4. Let d(i) = -6*c(i) - 5*o(i). Let x be d(-5). What is the highest common factor of 21 and x?
21
Let j be -1 + -2 + 5 - 0. Let w be (j - (21 - -1))/(-2). Calculate the highest common divisor of 110 and w.
10
Let r be (-16)/(-40) + 42/(-5). Let d be 15/(-10) - 52/r. What is the greatest common divisor of d and 2?
1
Let g = -16 + 23. Calculate the highest common divisor of 49 and g.
7
Suppose -2*y = -36 + 438. Let w = -103 - y. Calculate the greatest common divisor of 14 and w.
14
Suppose 17*i - 19*i = -6. Let l be i + 91 - -2 - -2. What is the greatest common divisor of l and 14?
14
Let l(u) = 16*u + 6. Let m be l(12). What is the highest common factor of 22 and m?
22
Let m be 62*(1/7 - 231/(-98)). Calculate the highest common factor of m and 31.
31
Suppose -169 = -3*c - 34. Let z be 27/(-6)*(-30)/9. What is the highest common factor of c and z?
15
Suppose 3*n = n + 6. Let p = -4 + n. Let i be ((-54)/(-10) + p)*5. What is the highest common divisor of i and 2?
2
Let c(v) = v**3 + 8*v**2 + 5*v + 13. Let a be c(-6). Calculate the greatest common factor of a and 11.
11
Let u be (-6)/4*(-4)/(-6). Let z = 10 - u. What is the greatest common factor of 22 and z?
11
Let o be -2 - (1 + -27 - 4). What is the highest common divisor of 308 and o?
28
Let k = -123 + 125. What is the highest common divisor of k and 46?
2
Suppose -g + 8 = -d, 10 = 5*g - 0*d + 5*d. What is the greatest common factor of g and 5?
5
Let v(m) = 13*m**2 - 4. Let o be v(-2). Calculate the highest common divisor of 12 and o.
12
Suppose 4*g = x + 55, 2*g - g + 5*x + 2 = 0. What is the highest common factor of 91 and g?
13
Suppose -4*z - 54 = -2*c, -90 = -2*c - c - 3*z. What is the highest common factor of 58 and c?
29
Let a be -1*346/(-2) + 3. What is the highest common factor of a and 16?
16
Suppose 40 = g + 4*k, -6*g + 200 = -g - k. Calculate the greatest common factor of 5 and g.
5
Let r(j) = 88*j - 4. Let s be 75/27 - (-4)/18. Let h be r(s). Suppose 4*u + t = h, -2*u + 3*t + 52 = -u. What is the greatest common factor of u and 8?
8
Suppose -j + k = -7, -j - 5*k = -0*j - 1. Suppose -m = -2*m + j. What is the greatest common divisor of 30 and m?
6
Suppose 4*s + 2*y - 70 = 2*s, -y = 5*s - 159. Let p = s + -17. Let a(l) = 18*l**2 - 3*l + 1. Let d be a(3). What is the highest common factor of d and p?
14
Suppose 2*n - 10*z + 6*z - 88 = 0, -4*z = 8. Calculate the highest common factor of n and 20.
20
Let b = -4 + 6. Let l = -105 - -106. Calculate the greatest common factor of b and l.
1
Let v(f) = -14*f + 2. Let g be v(-3). Suppose r - g = -r. What is the highest common factor of r and 55?
11
Let i be (5/3)/((-28)/(-420)). What is the highest common factor of 10 and i?
5
Let y = 5 - -18. Calculate the greatest common factor of 115 and y.
23
Suppose -b = 3*b - 156. What is the greatest common factor of 26 and b?
13
Suppose 0 = v + 2*l - 29, 4 = 2*l - 4. Calculate the greatest common factor of 21 and v.
21
Suppose -4*l = -x - 193, -4*x + 106 = 4*l - 82. What is the greatest common divisor of l and 16?
16
Let y(o) = -o**3 + 3*o**2 + 2*o + 1. Let f be y(4). Let p(g) = -g**3 - 8*g**2 - 11*g - 10. Let j be p(f). Calculate the greatest common factor of 27 and j.
9
Let u = 10 + -7. Suppose -33 + 177 = u*o. Calculate the greatest common factor of o and 6.
6
Let a(n) = 3*n - 2. Let q(b) = -b. Let f(u) = a(u) + 6*q(u). Let k be f(-8). Calculate the highest common factor of k and 154.
22
Let h be (-3 - 1)*5/(-2). What is the highest common factor of 2 and h?
2
Let c(k) = 3*k**3 - k. Let o be c(1). Suppose -2*m = -o*n - 28, -n = 3*m + 2*n - 18. Let u = 90 + -50. Calculate the greatest common divisor of u and m.
10
Suppose -11*o - 32 = -153. What is the greatest common divisor of o and 44?
11
Let w be 2/(-3) + -105*(-32)/72. Calculate the highest common factor of w and 115.
23
Let t(d) = d + 1. Let b be t(3). Suppose 12 = u - b*w, u - 36 = -u + 2*w. What is the highest common factor of 8 and u?
4
Let i(h) = h**2 + h + 28. Suppose 4*u = -0*u. Let p be i(u). Suppose 0*z + 7 = z. What is the greatest common divisor of z and p?
7
Let w be (273/(-6))/((-9)/18). What is the greatest common divisor of 7 and w?
7
Let h(z) = -2*z**2 + 2*z + 1. Let l be h(-8). Let r = l - -203. Calculate the greatest common factor of 12 and r.
12
Let r(s) be the first derivative of 2 + 1/2*s**2 + 25*s. Let q be r(-11). Calculate the highest common divisor of 112 and q.
14
Let l = -139 + 190. Calculate the highest common factor of 561 and l.
51
Let l = -11 + -26. Let n = l - -97. Let y be 2/4 + (-46)/(-4). What is the greatest common divisor of n and y?
12
Let o = 102 - 67. Let j = -24 + o. What is the highest common divisor of j and 11?
11
Suppose 5 = -8*o + 3*o. Let p = 16 + o. Let s(x) = 39*x + 3. Let d be s(3). Calculate the highest common factor of d and p.
15
Suppose 4*c = 2*c + 28. Let z = 35 + -17. Suppose -5*g = -i - z, -i + 0*g = 3*g - c. Calculate the highest common divisor of 2 and i.
2
Suppose 3*j = 3*t - 37 - 5, -3*t + 32 = -2*j. Let s be (j/1)/(1 - 2). Let c = -53 - -163. What is the greatest common factor of s and c?
10
Let p = 10 + -16. Let f(s) = s**2 - 4*s - 6. Let h be f(p). What is the highest common factor of 18 and h?
18
Let a be (4 - (-13)/(-3))*-3. Suppose 3*j = -j + 84. Suppose j + 14 = 5*z. Calculate the greatest common factor of z and a.
1
Suppose 5*q = 3*o - 38, -4 = -4*o - 2*q + 38. Calculate the highest common factor of o and 1.
1
Suppose 5*t = -4*w + 41, -4*w - 5 = -5*t + 4. Let u(k) = -k**2 + 10*k - 6. Let p be u(w). Calculate the highest common divisor of 27 and p.
9
Let d be (6/(-4))/(3/30). Let z = 63 + d. Calculate the greatest common divisor of 12 and z.
12
Let k = -47 + 164. What is the highest common factor of k and 13?
13
Suppose -24*d + 27*d = 165. Calculate the greatest common factor of d and 22.
11
Suppose 5*s - 47 - 13 = 0. Let i = s - -10. Suppose -i = -5*a + 23. What is the greatest common factor of 1 and a?
1
Let b(s) = 2*s**2 - 7*s. Let k be b(-3). What is the highest common divisor of 26 and k?
13
Suppose 0*n + 10 = 2*n. Let d be (2 + 2 + -3)*1. Calculate the greatest common factor of n and d.
1
Suppose 17 = 5*z - 2*g, 2*z - 5*z + 10 = -g. Suppose -2*v - 4*h = -276, 4*v - 564 = -z*h - h. Calculate the highest common factor of v and 16.
16
Let k(t) = t**2 - t + 6. Let b be k(-5). What is the greatest common divisor of 9 and b?
9
Let l = 94 + -78. What is the greatest common divisor of l and 80?
16
Let y(r) = r**3 + 4*r**2 + 2*r. Suppose 15 = -5*h - 0. Let k be y(h). Suppose -41 = -4*i + 67. Calculate the greatest common factor of k and i.
3
Let b = 1 - -17. Calculate the greatest common divisor of b and 27.
9
Let n = -10 + 33. Calculate the greatest common divisor of n and 184.
23
Let k(z) = z**3 + 8*z**2 + 6*z. Let h be k(-7). Suppose 400 = h*f - 3*f. What is the greatest common factor of f and 10?
10
Let c(q) = -q**3 + 5*q**2 + q - 5. Let r be c(4). Calculate the highest common factor of 60 and r.
15
Let h = 25 - 23. Suppose h*v - 82 = -5*x, -v - 3 - 1 = 0. Let o = -7 + 13. Calculate the highest common divisor of o and x.
6
Let o = -132 - -159. What is the greatest common divisor of 9 and o?
9
Let j(g) = 4*g**2 + 5*g - 20. Let h be j(5). What is the highest common factor of 15 and h?
15
Suppose 0 = 9*l - 0*l - 126. Let g = 6 - 4. Suppose 0*w - g*w + l = 0. Calculate the greatest common divisor of 70 and w.
7
Suppose 4*t - 1 = -g + 7, g = -3*t + 7. What is the greatest common factor of g and 8?
4
Suppose -t + 3*i = 3 - 2, 10 = 2*t - 3*i. What is the highest common divisor of 77 and t?
11
Suppose -3*l - 342 = -2*q - 5*l, -l - 885 = -5*q. Suppose 0*x = -2*x + 32. What is the highest common factor of q and x?
16
Suppose 0 = -3*w - 41 + 176. Calculate the highest common divisor of 15 and w.
15
Let j = -26 - -14. Let o = 24 + j. Calculate the highest common factor of o and 108.
12
Let j = 41 - 27. Suppose 0 = 4*l - 15 - 97. What is the greatest common factor of j and l?
14
Suppose 5*s + 3*h - 67 = 0, -2*s + 3*s + 3*h = 11. What is the greatest common factor of 112 and s?
14
Let x be (1 + (-3)/6)*30. Let a be 2/(-8) - (-21)/4. What is the greatest common factor of x and a?
5
Suppose -11 = c + 3*s - 0*s, 3*